mber?
False
Let k(p) = -p**3 - 19*p**2 - 20*p - 34. Let b(s) = -6*s + 36. Let l be b(9). Let y be k(l). Suppose y*a - 1504 = 508. Is a a composite number?
True
Let s = 292 - 289. Suppose 2*c + s*z - 146917 = 2356, 2*c - 149285 = z. Is c prime?
False
Let b = -42223 - -217352. Is b a prime number?
True
Let y(b) = 11*b**2 - 9*b - 31. Let h be y(9). Suppose 0 = 4*z - 369 - h. Suppose z = q + 22. Is q a composite number?
True
Let o(f) be the second derivative of 67*f**3/6 + 18*f**2 + 2*f + 3. Is o(3) prime?
False
Let u = 40296 + 202001. Is u a prime number?
False
Let o = 11691 + -6905. Suppose 19*b - o = 17*b. Is b prime?
True
Suppose -1599103 = 7*q - q - 43*q. Is q prime?
False
Suppose 0*a = -4*a + 180212. Is a a composite number?
False
Is 99342/(-27)*(-69)/46 a prime number?
True
Suppose 5*l = -4*q + 9*q + 10, -3*q = 12. Let a = 98 + -83. Is (1*(-10)/a)/(l/39) a prime number?
True
Is (-30)/(-20)*5/((-90)/(-1201236)) composite?
False
Let i = 46 - 44. Suppose -7439 = -i*x + 3087. Is x/6 - (8/2)/24 prime?
True
Is ((-27926)/4)/(6/(-28) + 1302/6762) prime?
False
Suppose -396*x + 402*x = 505554. Suppose 46*r + x = 53*r. Is r prime?
True
Is (650758/4)/((-1653)/58 - -29) a composite number?
False
Is ((7/(-28))/(4/2404508))/((-3)/12) a prime number?
True
Suppose 14*i + 6 = 20*i. Let d be 6/(i*12/8). Is d/(-8)*2*-111 composite?
True
Suppose 25*m - 1185 = 10*m. Suppose -m*d + 186096 = -55*d. Is d a composite number?
True
Suppose 5*w - 4*x + 30 = -0*x, 2*w + 3*x = 11. Is ((1 - 6996)/(-5))/(w/(-10)) a prime number?
False
Let k(i) = 183*i - 19. Let s(o) = -o. Let j(f) = k(f) - 5*s(f). Let v be ((-16)/(-36))/((-16)/(-648)). Is j(v) a composite number?
True
Suppose r = 5*g + 13155, -7*r + 2*r - 2*g + 65829 = 0. Is r a composite number?
True
Let k = 651796 + -278235. Is k a composite number?
False
Let p(t) = 211*t + 28. Suppose 3*v - 2*i - 7 = 0, -4*v + 2*i = -17 + 5. Let k be p(v). Suppose f = 0, -1099 - k = -2*h + 4*f. Is h a prime number?
True
Suppose g = -2*g + 54. Suppose 3*y = g - 15. Is (2*(-86)/(-4))/y a prime number?
True
Is ((-23)/7)/((-53)/1639873) + (-6)/21 a prime number?
True
Suppose -b - n = -4*b + 55187, -73632 = -4*b - 11*n. Is b a prime number?
True
Suppose -4*q + 4*f + 252 = -8*q, -3*f - 12 = 0. Let h(p) = p**2 - 9. Let b be h(-9). Let c = b + q. Is c a prime number?
True
Let g(b) = 1625*b + 4662. Is g(49) a composite number?
True
Suppose -227*y - 3*m - 27304 = -231*y, 2*m = -5*y + 34107. Is y prime?
True
Let o be (-12)/(-36) - (-252357)/9. Suppose -o = -3*s - 5*s. Is s prime?
False
Suppose -y = -2*x + 342590, -31*x + 685192 = -27*x - 5*y. Is x composite?
False
Suppose -2*m - 20 = -8. Let l(p) = 3079*p**2 - 3*p - 1515*p**2 - 1507*p**2 + 29. Is l(m) composite?
False
Let k(o) = 147*o**2 - 519*o + 9. Is k(7) a composite number?
True
Suppose -17*z + 282*z - 295988305 = 0. Is z a composite number?
False
Suppose -4*c = -4*d - 4, -5*c + 1 = -d - 20. Suppose -2*b - c*g + 38 = 0, -2*b = 3*b - 4*g - 128. Is ((-3342)/b)/(2/(2 + -10)) a prime number?
True
Let g(u) = 172*u**2 + 61*u + 1163. Is g(38) composite?
True
Suppose -2*y = -b, 10*y - 11*y = 2*b - 25. Let f(d) = 6*d**3 - 24*d**2 + 13*d - 11. Is f(b) prime?
True
Suppose 0 = 47*s - 52*s - 30, -4*d - 5*s = -410254. Is d prime?
False
Let i = 23 - 39. Let b = 54 + i. Suppose 35*s = b*s - 4539. Is s prime?
False
Suppose 0 = -c + 10*c - 8*c - 12323. Is c composite?
False
Suppose 0 = -2*q + 30 - 18, 3*q = 5*t - 1084447. Is t a composite number?
True
Let b(l) = -529*l**3 - 2*l**2 + 7*l + 19. Let m(o) = o**3 - o - 2. Let r(v) = -b(v) - 6*m(v). Is r(2) a prime number?
False
Suppose -4*f - 16 = 0, -3*q - 299*f + 651117 = -296*f. Is q a composite number?
True
Suppose -5*s + 3*w = -138, 5*s + w - 5*w - 134 = 0. Suppose 53*g - 768 = 133. Is (g/2)/(4 - 117/s) a prime number?
False
Let p(g) = 4*g**3 - g**2 + g - 1. Let a be p(1). Let u be 0/((-1 - a) + 3). Suppose 5*q - 2*l - 1617 = u, -5*q = -l - 3*l - 1619. Is q composite?
True
Suppose 5*f - 6*f - 334 = 5*o, 4*o - 379 = f. Let u be (-4)/14 - 7872/(-14). Let w = f + u. Is w composite?
True
Let a be (2 + -2)*(-8 - -9). Suppose a = -5*w, 3625 = 4*z + 3*w - 20635. Is z a composite number?
True
Let q be (-16)/3*2*6264/12. Let n = 17355 + q. Suppose 0 = 10*k - 2923 - n. Is k a prime number?
True
Let a(o) = o**3 - 15*o**2 + 21*o + 58. Let i be a(13). Let s(r) = -r**2 - 5 - 10*r - 2 - 2*r**3 - 9*r**2. Is s(i) a prime number?
False
Suppose -3*f + 4*p + 38 = 0, 2*f - p + 2*p - 7 = 0. Suppose -1698 - 630 = f*o. Let w = -131 - o. Is w a composite number?
False
Let v(l) = 2*l**2 + 14*l - 17. Let j be ((-60)/(-8))/(-1*2/8). Is v(j) a composite number?
True
Let a = 378169 - 202676. Is a prime?
True
Suppose 17*g - 1298682 = -116723. Is g composite?
True
Let d be ((-403)/(-2) + -3)*2. Suppose m + d = -712. Is 21/(-12)*(1 + m) composite?
True
Let h(y) = -503*y**3 - 30*y**2 + 63*y + 317. Is h(-6) prime?
True
Let l(v) = 55*v**2 + 12*v - 5. Let z(m) = -m**2 - 8*m - 8. Let w be z(-2). Is l(w) composite?
True
Suppose 5*z = -4*z + 18. Is (16163/(-7))/(2/(-4)*z) prime?
True
Let a be (-5 + -3)*(1/1 - -2). Let o = -30 - a. Is o/(-4) + 11754/12 + -2 a composite number?
True
Let t(w) = 2732*w - 15195. Is t(11) a prime number?
False
Suppose -31*a = -2*g - 33*a + 957044, -3*a = 3. Is g prime?
True
Suppose 5*z = m + 790, z + 0*m = -m + 158. Let k = z - 44. Suppose -k = -8*u + 1078. Is u a prime number?
True
Is (1274/(-14))/(-13) + 46246 a composite number?
True
Let y(h) = h**3 - 84*h**2 - 522*h - 158. Is y(96) a composite number?
True
Let b = -54 + 58. Suppose 0*i + 920 = b*i. Suppose -o + i = 4*o. Is o composite?
True
Let p(j) = 86*j**2 + 36*j - 2333. Is p(48) a prime number?
True
Let z = -324246 + 476353. Is z a prime number?
False
Suppose -714*j + 15 = -709*j. Suppose j*m = 2*a + 33845 - 3242, 0 = -5*a. Is m prime?
False
Let r(c) = -8*c**3 + c**2 - 3*c - 5. Let s = -83 + 104. Let m = 17 - s. Is r(m) composite?
True
Suppose -10*z - 5*d + 405267 = -6*z, 5*z = 2*d + 506625. Is z a composite number?
False
Let s(f) = f**3 + f**2 + 2*f + 15. Let r be s(0). Let a = 41 - r. Suppose 3*x - 4*x = -a. Is x a composite number?
True
Let b(n) be the second derivative of 35*n**5/4 + n**4/3 + n**3/3 - 3*n**2/2 + 20*n. Let z be b(3). Suppose 5*c - c = z. Is c prime?
False
Let b = 993829 - 693986. Is b a composite number?
False
Let l(t) = -3*t**2 - 19*t - 34. Let k be l(-4). Is 6 - ((-13668 - 3) + k) a prime number?
False
Suppose -3*i = -210 - 792. Let q = i + -173. Is q composite?
True
Suppose -4*w - 5*x - 72888 = -847519, -4*w = 3*x - 774617. Is w a prime number?
True
Let g(m) = m**2 - 4*m + 3687. Let o(w) = w**2 + 6*w - 16. Let y be o(-8). Let d be g(y). Suppose 3*z + 0*z = d. Is z prime?
True
Suppose -4*l - 9 = -5*u - 0*u, 3*l = -u + 17. Let q = 3 + l. Is (-3666)/(-9) - q/21 a composite number?
True
Suppose 11*u + 41216 = 15*u. Suppose -u = 42*o - 350210. Is o composite?
False
Let m(r) = r**3 + 25*r**2 - 14*r + 15. Let k be m(-25). Let i = k - -344. Is i prime?
True
Suppose 15166 = 4*u - 26770. Suppose -3*y - u = -4*o + 9836, o + 2*y - 5069 = 0. Is o prime?
True
Suppose -q - 5 = -5*q - 5*a, 0 = -4*q + 3*a - 3. Let j(f) = -f - 2*f + 53 - f + 3*f. Is j(q) composite?
False
Suppose 3*q = -q + 2*k + 62, 5*k + 5 = 0. Suppose -11*o - q = -147. Suppose f + 3 = -3*z + 92, o = 3*z. Is f composite?
True
Suppose -6 = -14*g + 12*g. Suppose 3*p = 3*b + 4983, -2*b + 962 = -g*p + 5946. Suppose -p = -2*k + 4*y, -2*k - 2*k + 3304 = -4*y. Is k prime?
True
Suppose 65*t - 7104043 + 1065882 = 1775034. Is t prime?
False
Let p(l) = 236*l - 5. Let c be p(2). Let v = c + -276. Is v composite?
False
Let i(b) = 11506*b**2 - 30*b - 15. Is i(2) a prime number?
True
Is (1/(-3))/(1/(-4))*(-5784569448)/(-6496) a prime number?
True
Suppose -199737 = -3*q - 16*v + 18*v, -4*q = -4*v - 266312. Is q a composite number?
True
Let l(s) = -1 + 7*s**3 + s**2 - 5*s**3 + 10*s**3 + 40*s**3. Let g be l(-2). Let n = -160 - g. Is n composite?
True
Let u(a) = -181*a**3 - 17*a**2 - 25*a + 161. Is u(-9) a composite number?
True
Suppose 10*b = 25*b - 24795. Let s = -856 + b. Is s a prime number?
True
Suppose 0 = -10*j + 12472 + 1318. Let u = 539 - j. Let y = 1202 + u. Is y prime?
False
Let o = 92729 - 47610. Is o prime?
True
Suppose -39759 = 2*q - 15311. L